{"id":814,"date":"2024-08-24T10:55:02","date_gmt":"2024-08-24T08:55:02","guid":{"rendered":"https:\/\/mieterportal.wa-kurpark.de\/?page_id=814"},"modified":"2025-06-29T20:35:33","modified_gmt":"2025-06-29T18:35:33","slug":"mietinteressenten2","status":"publish","type":"page","link":"https:\/\/mieterportal.wa-kurpark.de\/index.php\/mietinteressenten2\/","title":{"rendered":"Mietinteressenten2"},"content":{"rendered":"\n<p><strong>Willkommen in Ihrem neuen Zuhause: Gemeinschaft, Ruhe und Freundlichkeit vereint<\/strong><\/p>\n\n\n\n<p>Entdecken Sie unser einzigartiges Wohnangebot, das perfekt f\u00fcr alle ist, die eine harmonische und entspannte Lebensweise suchen. Unsere Wohnanlage bietet Ihnen eine Vielzahl von Vorteilen:<\/p>\n\n\n\n<ul class=\"wp-block-list\">\n<li><strong>Gemeinschaft<\/strong>: Erleben Sie ein starkes Gemeinschaftsgef\u00fchl und seien Sie Teil einer Nachbarschaft, die zusammenh\u00e4lt. Hier ist jeder f\u00fcr den anderen da, was ein warmes und einladendes Umfeld schafft.<\/li>\n\n\n\n<li><strong>Ruhige Lage<\/strong>: Genie\u00dfen Sie die Ruhe unserer Wohnanlage. Das Quartier bietet Ihnen die perfekte Balance zwischen Erholung und Erreichbarkeit aller wichtigen Einrichtungen.<\/li>\n\n\n\n<li><strong>Freundliche Nachbarn<\/strong>: Bei uns erwartet Sie ein herzliches Miteinander. Unsere Nachbarn sind hilfsbereit, respektvoll und immer f\u00fcr ein nettes Gespr\u00e4ch zu haben.<\/li>\n\n\n\n<li><strong>Gemeinsame Feste und Veranstaltungen<\/strong>: Werden Sie Teil unserer lebendigen Gemeinschaftsaktivit\u00e4ten. Ob Sommerfeste, Grillabende oder saisonale Feiern \u2013 hier wird das Miteinander gro\u00dfgeschrieben und regelm\u00e4\u00dfig zelebriert.<\/li>\n<\/ul>\n\n\n\n<p>Kommen Sie vorbei und lassen Sie sich von der besonderen Atmosph\u00e4re unseres Wohnquartiers begeistern. Wir freuen uns darauf, Sie bald als neuen Nachbarn begr\u00fc\u00dfen zu d\u00fcrfen!<\/p>\n\n\n\n<div style=\"height:40px\" aria-hidden=\"true\" class=\"wp-block-spacer\"><\/div>\n\n\n\n<div style=\"height:10px\" aria-hidden=\"true\" class=\"wp-block-spacer\"><\/div>\n\n\n\n<h2 class=\"wp-block-heading has-text-align-left\">Dokumente f\u00fcr Mietinteressenten<\/h2>\n\n\n\n<div class=\"wp-block-buttons is-layout-flex wp-block-buttons-is-layout-flex\">\n<div class=\"wp-block-button\"><a class=\"wp-block-button__link wp-element-button\" href=\"https:\/\/mieterportal.wa-kurpark.de\/wp-content\/uploads\/2024\/08\/Selbstauskunft-von-Mietinteressenten.pdf\"><strong>Selbstauskunft von Mietinteressenten<\/strong><\/a><\/div>\n<\/div>\n\n\n\n<div style=\"height:10px\" aria-hidden=\"true\" class=\"wp-block-spacer\"><\/div>\n\n\n\n<div class=\"wp-block-buttons is-layout-flex wp-block-buttons-is-layout-flex\">\n<div class=\"wp-block-button\"><a class=\"wp-block-button__link wp-element-button\" href=\"https:\/\/mieterportal.wa-kurpark.de\/wp-content\/uploads\/2024\/08\/Buergschaft-Anlage-zum-Mietvertrag.pdf\"><strong>B\u00fcrgschaftserkl\u00e4rung<\/strong><\/a><\/div>\n<\/div>\n\n\n\n<div style=\"height:10px\" aria-hidden=\"true\" class=\"wp-block-spacer\"><\/div>\n\n\n\n<div class=\"wp-block-buttons is-layout-flex wp-block-buttons-is-layout-flex\">\n<div class=\"wp-block-button\"><a class=\"wp-block-button__link has-text-align-left wp-element-button\" href=\"https:\/\/mieterportal.wa-kurpark.de\/wp-content\/uploads\/2024\/08\/SEPA-Lastschriftformular.pdf\"><strong>SEPA-Lastschriftmandat<br>HV Gabriele Gerhardt<\/strong><\/a><\/div>\n<\/div>\n\n\n\n<div style=\"height:10px\" aria-hidden=\"true\" class=\"wp-block-spacer\"><\/div>\n\n\n\n<div class=\"wp-block-buttons is-layout-flex wp-block-buttons-is-layout-flex\">\n<div class=\"wp-block-button\"><a class=\"wp-block-button__link wp-element-button\" href=\"https:\/\/mieterportal.wa-kurpark.de\/wp-content\/uploads\/2024\/08\/Vormieterbescheinigung-.pdf\"><strong>Vormieterbescheinigung<\/strong><\/a><\/div>\n<\/div>\n\n\n\n<div style=\"height:10px\" aria-hidden=\"true\" class=\"wp-block-spacer\"><\/div>\n\n\n\n<div class=\"wp-block-buttons is-layout-flex wp-block-buttons-is-layout-flex\">\n<div class=\"wp-block-button\"><a class=\"wp-block-button__link has-text-align-left wp-element-button\" href=\"https:\/\/mieterportal.wa-kurpark.de\/wp-content\/uploads\/2024\/08\/Einwilligung-Datenschutzrechtliche-Selbstauskunft.pdf\"><strong>Datenschutzrechtliche Einwilligung<br>HV Gabriele Gerhardt<\/strong><\/a><\/div>\n<\/div>\n\n\n\n<div style=\"height:40px\" aria-hidden=\"true\" class=\"wp-block-spacer\"><\/div>\n\n\n\n<h2 class=\"wp-block-heading has-text-align-left\">Expos\u00e9s Vermietung<\/h2>\n\n\n\n<div class=\"wp-block-buttons is-layout-flex wp-block-buttons-is-layout-flex\">\n<div class=\"wp-block-button\"><a class=\"wp-block-button__link wp-element-button\" href=\"https:\/\/mieterportal.wa-kurpark.de\/wp-content\/uploads\/2024\/07\/Expose-WMW-9f-3.OG-links.pdf\"><strong>Wohnung Windm\u00fchlenweg 9a, 2. OG rechts<\/strong><\/a><\/div>\n<\/div>\n\n\n\n<div style=\"height:10px\" aria-hidden=\"true\" class=\"wp-block-spacer\"><\/div>\n\n\n\n<div class=\"wp-block-buttons is-layout-flex wp-block-buttons-is-layout-flex\">\n<div class=\"wp-block-button\"><a class=\"wp-block-button__link wp-element-button\" href=\"https:\/\/mieterportal.wa-kurpark.de\/wp-content\/uploads\/2024\/07\/Expose-WMW-9f-3.OG-links.pdf\"><strong>Wohnung Windm\u00fchlenweg 9f, 3. OG links<\/strong><\/a><\/div>\n<\/div>\n\n\n\n<p><\/p>\n","protected":false},"excerpt":{"rendered":"<p>Willkommen in Ihrem neuen Zuhause: Gemeinschaft, Ruhe und Freundlichkeit vereint Entdecken Sie unser einzigartiges Wohnangebot, das perfekt f\u00fcr alle ist,&hellip;<\/p>\n","protected":false},"author":3,"featured_media":0,"parent":0,"menu_order":0,"comment_status":"closed","ping_status":"closed","template":"","meta":{"footnotes":""},"class_list":["post-814","page","type-page","status-publish","hentry"],"_links":{"self":[{"href":"https:\/\/mieterportal.wa-kurpark.de\/index.php\/wp-json\/wp\/v2\/pages\/814","targetHints":{"allow":["GET"]}}],"collection":[{"href":"https:\/\/mieterportal.wa-kurpark.de\/index.php\/wp-json\/wp\/v2\/pages"}],"about":[{"href":"https:\/\/mieterportal.wa-kurpark.de\/index.php\/wp-json\/wp\/v2\/types\/page"}],"author":[{"embeddable":true,"href":"https:\/\/mieterportal.wa-kurpark.de\/index.php\/wp-json\/wp\/v2\/users\/3"}],"replies":[{"embeddable":true,"href":"https:\/\/mieterportal.wa-kurpark.de\/index.php\/wp-json\/wp\/v2\/comments?post=814"}],"version-history":[{"count":8,"href":"https:\/\/mieterportal.wa-kurpark.de\/index.php\/wp-json\/wp\/v2\/pages\/814\/revisions"}],"predecessor-version":[{"id":1054,"href":"https:\/\/mieterportal.wa-kurpark.de\/index.php\/wp-json\/wp\/v2\/pages\/814\/revisions\/1054"}],"wp:attachment":[{"href":"https:\/\/mieterportal.wa-kurpark.de\/index.php\/wp-json\/wp\/v2\/media?parent=814"}],"curies":[{"name":"wp","href":"https:\/\/api.w.org\/{rel}","templated":true}]}}

<p><strong>Willkommen in Ihrem neuen Zuhause: Gemeinschaft, Ruhe und Freundlichkeit vereint</strong></p>



<p>Entdecken Sie unser einzigartiges Wohnangebot, das perfekt für alle ist, die eine harmonische und entspannte Lebensweise suchen. Unsere Wohnanlage bietet Ihnen eine Vielzahl von Vorteilen:</p>



<ul class="wp-block-list">
<li><strong>Gemeinschaft</strong>: Erleben Sie ein starkes Gemeinschaftsgefühl und seien Sie Teil einer Nachbarschaft, die zusammenhält. Hier ist jeder für den anderen da, was ein warmes und einladendes Umfeld schafft.</li>



<li><strong>Ruhige Lage</strong>: Genießen Sie die Ruhe unserer Wohnanlage. Das Quartier bietet Ihnen die perfekte Balance zwischen Erholung und Erreichbarkeit aller wichtigen Einrichtungen.</li>



<li><strong>Freundliche Nachbarn</strong>: Bei uns erwartet Sie ein herzliches Miteinander. Unsere Nachbarn sind hilfsbereit, respektvoll und immer für ein nettes Gespräch zu haben.</li>



<li><strong>Gemeinsame Feste und Veranstaltungen</strong>: Werden Sie Teil unserer lebendigen Gemeinschaftsaktivitäten. Ob Sommerfeste, Grillabende oder saisonale Feiern – hier wird das Miteinander großgeschrieben und regelmäßig zelebriert.</li>
</ul>



<p>Kommen Sie vorbei und lassen Sie sich von der besonderen Atmosphäre unseres Wohnquartiers begeistern. Wir freuen uns darauf, Sie bald als neuen Nachbarn begrüßen zu dürfen!</p>



<div style="height:40px" aria-hidden="true" class="wp-block-spacer"></div>



<div style="height:10px" aria-hidden="true" class="wp-block-spacer"></div>



<h2 class="wp-block-heading has-text-align-left">Dokumente für Mietinteressenten</h2>



<div class="wp-block-buttons is-layout-flex wp-block-buttons-is-layout-flex">
<div class="wp-block-button"><a class="wp-block-button__link wp-element-button" href="https://mieterportal.wa-kurpark.de/wp-content/uploads/2024/08/Selbstauskunft-von-Mietinteressenten.pdf"><strong>Selbstauskunft von Mietinteressenten</strong></a></div>
</div>



<div style="height:10px" aria-hidden="true" class="wp-block-spacer"></div>



<div class="wp-block-buttons is-layout-flex wp-block-buttons-is-layout-flex">
<div class="wp-block-button"><a class="wp-block-button__link wp-element-button" href="https://mieterportal.wa-kurpark.de/wp-content/uploads/2024/08/Buergschaft-Anlage-zum-Mietvertrag.pdf"><strong>Bürgschaftserklärung</strong></a></div>
</div>



<div style="height:10px" aria-hidden="true" class="wp-block-spacer"></div>



<div class="wp-block-buttons is-layout-flex wp-block-buttons-is-layout-flex">
<div class="wp-block-button"><a class="wp-block-button__link has-text-align-left wp-element-button" href="https://mieterportal.wa-kurpark.de/wp-content/uploads/2024/08/SEPA-Lastschriftformular.pdf"><strong>SEPA-Lastschriftmandat<br>HV Gabriele Gerhardt</strong></a></div>
</div>



<div style="height:10px" aria-hidden="true" class="wp-block-spacer"></div>



<div class="wp-block-buttons is-layout-flex wp-block-buttons-is-layout-flex">
<div class="wp-block-button"><a class="wp-block-button__link wp-element-button" href="https://mieterportal.wa-kurpark.de/wp-content/uploads/2024/08/Vormieterbescheinigung-.pdf"><strong>Vormieterbescheinigung</strong></a></div>
</div>



<div style="height:10px" aria-hidden="true" class="wp-block-spacer"></div>



<div class="wp-block-buttons is-layout-flex wp-block-buttons-is-layout-flex">
<div class="wp-block-button"><a class="wp-block-button__link has-text-align-left wp-element-button" href="https://mieterportal.wa-kurpark.de/wp-content/uploads/2024/08/Einwilligung-Datenschutzrechtliche-Selbstauskunft.pdf"><strong>Datenschutzrechtliche Einwilligung<br>HV Gabriele Gerhardt</strong></a></div>
</div>



<div style="height:40px" aria-hidden="true" class="wp-block-spacer"></div>



<h2 class="wp-block-heading has-text-align-left">Exposés Vermietung</h2>



<div class="wp-block-buttons is-layout-flex wp-block-buttons-is-layout-flex">
<div class="wp-block-button"><a class="wp-block-button__link wp-element-button" href="https://mieterportal.wa-kurpark.de/wp-content/uploads/2024/07/Expose-WMW-9f-3.OG-links.pdf"><strong>Wohnung Windmühlenweg 9a, 2. OG rechts</strong></a></div>
</div>



<div style="height:10px" aria-hidden="true" class="wp-block-spacer"></div>



<div class="wp-block-buttons is-layout-flex wp-block-buttons-is-layout-flex">
<div class="wp-block-button"><a class="wp-block-button__link wp-element-button" href="https://mieterportal.wa-kurpark.de/wp-content/uploads/2024/07/Expose-WMW-9f-3.OG-links.pdf"><strong>Wohnung Windmühlenweg 9f, 3. OG links</strong></a></div>
</div>



<p></p>

<p>Willkommen in Ihrem neuen Zuhause: Gemeinschaft, Ruhe und Freundlichkeit vereint Entdecken Sie unser einzigartiges Wohnangebot, das perfekt für alle ist,&hellip;</p>
