{"id":591,"date":"2024-08-14T17:04:17","date_gmt":"2024-08-14T15:04:17","guid":{"rendered":"https:\/\/mieterportal.wa-kurpark.de\/?page_id=591"},"modified":"2025-01-30T10:41:21","modified_gmt":"2025-01-30T09:41:21","slug":"sperrmuellsammlung","status":"publish","type":"page","link":"https:\/\/mieterportal.wa-kurpark.de\/index.php\/sperrmuellsammlung\/","title":{"rendered":"Sperrm\u00fcllsammlung"},"content":{"rendered":"\n<h2 class=\"wp-block-heading\">Sperrm\u00fcllsammlung 2025<\/h2>\n\n\n\n<h2 class=\"wp-block-heading has-accent-2-color has-text-color has-link-color wp-elements-939f2116c31b555023448f9b4bd9bb2b\">F\u00fcr das Jahr 2025 stehen noch keine Termine zur Verf\u00fcgung !<\/h2>\n\n\n\n<p><\/p>\n","protected":false},"excerpt":{"rendered":"<p>Sperrm\u00fcllsammlung 2025 F\u00fcr das Jahr 2025 stehen noch keine Termine zur Verf\u00fcgung !<\/p>\n","protected":false},"author":1,"featured_media":0,"parent":0,"menu_order":0,"comment_status":"closed","ping_status":"closed","template":"","meta":{"footnotes":""},"class_list":["post-591","page","type-page","status-publish","hentry"],"_links":{"self":[{"href":"https:\/\/mieterportal.wa-kurpark.de\/index.php\/wp-json\/wp\/v2\/pages\/591","targetHints":{"allow":["GET"]}}],"collection":[{"href":"https:\/\/mieterportal.wa-kurpark.de\/index.php\/wp-json\/wp\/v2\/pages"}],"about":[{"href":"https:\/\/mieterportal.wa-kurpark.de\/index.php\/wp-json\/wp\/v2\/types\/page"}],"author":[{"embeddable":true,"href":"https:\/\/mieterportal.wa-kurpark.de\/index.php\/wp-json\/wp\/v2\/users\/1"}],"replies":[{"embeddable":true,"href":"https:\/\/mieterportal.wa-kurpark.de\/index.php\/wp-json\/wp\/v2\/comments?post=591"}],"version-history":[{"count":4,"href":"https:\/\/mieterportal.wa-kurpark.de\/index.php\/wp-json\/wp\/v2\/pages\/591\/revisions"}],"predecessor-version":[{"id":906,"href":"https:\/\/mieterportal.wa-kurpark.de\/index.php\/wp-json\/wp\/v2\/pages\/591\/revisions\/906"}],"wp:attachment":[{"href":"https:\/\/mieterportal.wa-kurpark.de\/index.php\/wp-json\/wp\/v2\/media?parent=591"}],"curies":[{"name":"wp","href":"https:\/\/api.w.org\/{rel}","templated":true}]}}