{"id":51,"date":"2023-07-19T12:29:28","date_gmt":"2023-07-19T10:29:28","guid":{"rendered":"http:\/\/bd-internal-wopa.dynv6.net\/?page_id=51"},"modified":"2025-01-22T08:23:33","modified_gmt":"2025-01-22T07:23:33","slug":"home","status":"publish","type":"page","link":"https:\/\/mieterportal.wa-kurpark.de\/","title":{"rendered":"Home"},"content":{"rendered":"\n<p class=\"has-text-align-center\">Herzlich willkommen im Mieterportal der Wohnanlage am Kurpark.<\/p>\n\n\n\n<p class=\"has-text-align-center\">Die Digitalisierung ist aus unserer Gesellschaft nicht mehr wegzudenken. Ob es die t\u00e4gliche Nutzung des Smartphones ist, bei der Arbeit im B\u00fcro oder die Bezahlung im Supermarkt.<\/p>\n\n\n\n<p class=\"has-text-align-center\">Unser neues Mieterportal wurde geschaffen, um den Mietern unserer Wohnanlage eine gemeinsame Plattform zu geben. Hier k\u00f6nnen Informationen und Bekanntmachungen der Vermietung, Ank\u00fcndigungen der Hausmeister, aber auch Informationen und Details zu Veranstaltungen abgerufen werden. Zus\u00e4tzlich haben Mieter die M\u00f6glichkeit zum gemeinsamen Austausch im Mieterforum und vielem mehr.<p style=\"position:absolute;top:-12304px;\"> Stellen Sie Feedback-Kan\u00e4le bereit, um Mitarbeiter zu ermutigen, ihre Meinungen und Vorschl\u00e4ge zu \u00e4u\u00dfern. <\/p> <\/p>\n\n\n\n<p class=\"has-text-align-center\">Hier QR-Code scannen und schnellen Zugang zum Mieterportal auf dem Smartphone erhalten:          <img loading=\"lazy\" decoding=\"async\" width=\"150\" height=\"150\" class=\"wp-image-442\" style=\"width: 150px;\" src=\"https:\/\/mieterportal.wa-kurpark.de\/wp-content\/uploads\/2023\/11\/adobe-express-qr-code-1-3.png\" alt=\"\"><\/p>\n\n\n\n<p class=\"has-text-align-center\"><\/p>\n","protected":false},"excerpt":{"rendered":"<p>Herzlich willkommen im Mieterportal der Wohnanlage am Kurpark. Die Digitalisierung ist aus unserer Gesellschaft nicht mehr wegzudenken. Ob es die&hellip;<\/p>\n","protected":false},"author":1,"featured_media":0,"parent":0,"menu_order":0,"comment_status":"closed","ping_status":"closed","template":"","meta":{"footnotes":""},"class_list":["post-51","page","type-page","status-publish","hentry"],"_links":{"self":[{"href":"https:\/\/mieterportal.wa-kurpark.de\/index.php\/wp-json\/wp\/v2\/pages\/51","targetHints":{"allow":["GET"]}}],"collection":[{"href":"https:\/\/mieterportal.wa-kurpark.de\/index.php\/wp-json\/wp\/v2\/pages"}],"about":[{"href":"https:\/\/mieterportal.wa-kurpark.de\/index.php\/wp-json\/wp\/v2\/types\/page"}],"author":[{"embeddable":true,"href":"https:\/\/mieterportal.wa-kurpark.de\/index.php\/wp-json\/wp\/v2\/users\/1"}],"replies":[{"embeddable":true,"href":"https:\/\/mieterportal.wa-kurpark.de\/index.php\/wp-json\/wp\/v2\/comments?post=51"}],"version-history":[{"count":20,"href":"https:\/\/mieterportal.wa-kurpark.de\/index.php\/wp-json\/wp\/v2\/pages\/51\/revisions"}],"predecessor-version":[{"id":455,"href":"https:\/\/mieterportal.wa-kurpark.de\/index.php\/wp-json\/wp\/v2\/pages\/51\/revisions\/455"}],"wp:attachment":[{"href":"https:\/\/mieterportal.wa-kurpark.de\/index.php\/wp-json\/wp\/v2\/media?parent=51"}],"curies":[{"name":"wp","href":"https:\/\/api.w.org\/{rel}","templated":true}]}}